-4*v**2 + 85*v - 1762. What is g(22)?
-1828
Let f(j) = 15918*j + 270611. Calculate f(-17).
5
Let y(n) = 2010*n + 906910. Give y(-451).
400
Let c(i) = -5*i**3 + 296*i**2 - 61*i + 2051. Give c(59).
1933
Let u(t) = t**2 - 658*t + 69792. Determine u(133).
-33
Let c(z) = 18*z**3 + 9*z**2 + 86*z + 119. Give c(-4).
-1233
Let l(s) = 2*s**2 + 46*s - 6909. Determine l(49).
147
Let g(q) = 2555*q + 48476. Give g(-19).
-69
Let o(z) = -37207*z - 111716. Determine o(-3).
-95
Let r(q) = 8*q**2 - 253*q + 467. Give r(29).
-142
Let h(r) = -r**2 + 42*r - 1219. Determine h(0).
-1219
Let y(o) = -o**2 - 25429*o + 101739. Determine y(4).
7
Let v(s) = -s**3 + 12*s**2 + 83*s + 79. Determine v(15).
649
Let a(z) = 18*z**2 - 20622*z - 110497. What is a(1151)?
-1
Let x(c) = -5*c**2 + 5436*c + 27096. Calculate x(-5).
-209
Let v(y) = -22*y**2 - 4479*y - 7084. What is v(-202)?
-14
Let p(s) = 1009*s**2 - 6405*s + 2099. Calculate p(6).
-7
Let u(g) = -157604*g - 315212. Determine u(-2).
-4
Let d(v) = 2*v**3 - 209*v**2 - 753*v - 311. What is d(108)?
13
Let a(h) = h**3 + 33*h**2 + 157*h + 6585. Determine a(-34).
91
Let b(s) = s**2 + 15079*s - 893148. Calculate b(59).
-6
Let r(i) = -95339*i - 476815. Give r(-5).
-120
Let l(o) = 293*o + 38221. What is l(-130)?
131
Let a(x) = -x**2 - 751*x - 7408. Give a(-10).
2
Let n(r) = -155*r - 27779. Determine n(-179).
-34
Let x(v) = 8008*v + 96056. Determine x(-12).
-40
Let q(f) = 1193*f**2 - 16652*f - 706. Calculate q(14).
-6
Let b(m) = 605*m + 44786. What is b(-74)?
16
Let r(z) = -z**3 - 85*z**2 - 106*z - 327. Give r(-84).
1521
Let f(x) = -245*x**2 - 761*x + 11. Give f(-3).
89
Let p(s) = -566*s**3 + 10*s**2 - 861*s + 860. Give p(1).
-557
Let k(x) = -370*x**2 + 16653*x - 136. What is k(45)?
-1
Let g(y) = -46472*y - 1115328. Give g(-24).
0
Let o(x) = 275108*x - 275137. What is o(1)?
-29
Let q(b) = b**2 + 1919*b - 23102. Determine q(12).
70
Let n(x) = -4*x**2 - 276*x - 888. Give n(-63).
624
Let g(y) = -2418*y + 9121. What is g(4)?
-551
Let o(a) = -a**3 - 34*a**2 + 38*a + 87. Determine o(-35).
-18
Let y(f) = 281*f + 17773. Calculate y(-51).
3442
Let l(h) = 48*h**2 + 15852*h + 4008. Determine l(-330).
48
Let i(j) = 48566*j - 4273815. Give i(88).
-7
Let p(h) = -9468*h - 18889. Determine p(-2).
47
Let s(v) = v**3 + 185*v**2 - 9543*v - 2039. Determine s(-227).
4
Let h(w) = 4*w**3 + 26*w**2 - 4*w - 155. Determine h(-8).
-507
Let f(n) = 7563*n - 45368. Give f(6).
10
Let y(q) = 25*q**2 + 8953*q + 87030. Determine y(-10).
0
Let x(z) = -9*z**2 + 416*z + 15174. Give x(-24).
6
Let w(u) = -u**2 - 6493*u + 19495. What is w(3)?
7
Let o(y) = -1960*y - 221523. Calculate o(-113).
-43
Let v(f) = -42320*f - 3808803. Determine v(-90).
-3
Let a(j) = -j**3 + 24*j**2 - 434*j + 4462. Determine a(15).
-23
Let n(a) = 4538*a**2 - 4517*a - 13. Determine n(1).
8
Let a(o) = -3*o**2 + 27*o + 192. Determine a(13).
36
Let d(o) = -o**3 - 162*o**2 - 448*o - 46201. Calculate d(-161).
6
Let c(x) = 2576*x**2 + 15473*x + 1. Determine c(-6).
-101
Let s(c) = -204992*c**2 - 205005*c + 3. What is s(-1)?
16
Let d(a) = -a**3 + 301*a**2 - 3177*a + 77698. Give d(291).
1
Let i(j) = -j**3 - 29*j**2 - 271*j - 1626. Give i(-19).
-87
Let s(p) = -4*p**3 + 715*p**2 - 529*p - 880. Give s(178).
10
Let v(n) = n**3 - 184*n**2 + 7297*n - 3307. Give v(57).
-1
Let v(x) = -17*x**2 - 4297*x + 38662. Calculate v(9).
-1388
Let p(s) = -10*s**2 - 2744*s + 13971. Determine p(5).
1
Let m(s) = -58*s**2 + 2042*s - 433. What is m(35)?
-13
Let k(r) = r**3 - 6*r**2 - 88*r + 357. Calculate k(13).
396
Let v(q) = q**2 - 472*q - 3866. Give v(-8).
-26
Let l(f) = -f**2 + 210*f - 5565. Determine l(181).
-316
Let t(o) = 12*o**3 - 135*o**2 + 358*o - 30. Give t(7).
-23
Let a(b) = -b**2 + 45699*b - 274177. Calculate a(6).
-19
Let m(l) = -l**3 + 57*l**2 + 2481*l - 124545. Determine m(66).
-3
Let c(u) = -u**3 + 43758*u + 174966. Give c(-4).
-2
Let l(b) = -8104*b + 93336. Calculate l(12).
-3912
Let w(c) = -12*c**3 - 8*c**2 - 15. Determine w(-4).
625
Let n(t) = -113*t**3 - 7*t**2 - 21*t - 17. What is n(-1)?
110
Let h(j) = 2*j**3 + 279*j**2 + 673*j - 265. Calculate h(-137).
1379
Let r(v) = 11576*v + 2083649. Give r(-180).
-31
Let m(b) = -5*b**3 - 921*b**2 - 3790*b - 1817. What is m(-180)?
-17
Let r(o) = -5*o**3 - 80*o**2 + 67*o + 269. Give r(-17).
575
Let w(j) = 129*j**2 + 1518*j + 1264. Calculate w(-11).
175
Let x(t) = -3*t**3 + 37*t**2 + 28*t - 312. Determine x(8).
744
Let y(s) = -s**3 - 131*s**2 - 185*s - 41833. Calculate y(-132).
11
Let l(q) = q**2 - 184*q - 8329. What is l(-38)?
107
Let g(h) = -3593*h - 312731. What is g(-87)?
-140
Let s(a) = a**3 - 22*a**2 - 109*a + 2401. What is s(22)?
3
Let s(d) = -25*d**2 - 148*d - 420. Calculate s(-3).
-201
Let q(b) = -b**3 - 28*b**2 + 56*b + 487. Determine q(-33).
4084
Let s(h) = 26967*h + 107861. What is s(-4)?
-7
Let c(a) = 4936*a + 3805661. Give c(-771).
5
Let w(o) = -2*o**2 + 278*o - 2106. Give w(131).
-10
Let l(a) = -a**2 + 2746*a - 78785. Determine l(29).
8
Let d(k) = 8945*k - 483024. Give d(54).
6
Let q(y) = 115*y**3 - 1840*y**2 + 6*y - 108. What is q(16)?
-12
Let l(f) = -f**3 - 134*f**2 + 9508*f + 1282262. Calculate l(-133).
9
Let g(l) = -l**3 - 2*l**2 + 77*l - 137. Calculate g(-11).
105
Let r(x) = 822655*x - 4113284. Determine r(5).
-9
Let w(f) = -f**3 + 44*f**2 + 234*f - 7172. Determine w(46).
-640
Let h(y) = 3*y**2 - 1601*y + 8024. Determine h(5).
94
Let h(l) = 1679*l + 167907. Determine h(-100).
7
Let z(d) = -d**3 + 144*d**2 - 1261*d - 796. Calculate z(10).
-6
Let w(z) = 92*z**2 - 256*z - 1590. What is w(-6)?
3258
Let v(q) = q**2 - 78*q + 1275. Determine v(52).
-77
Let b(c) = -4*c**3 - 46*c**2 - 121*c - 1. Give b(-7).
-36
Let v(a) = a**3 - 4*a**2 - 399*a + 2656. What is v(18)?
10
Let v(x) = 17*x**2 + 3636*x + 2851. Determine v(-213).
-344
Let q(k) = -155*k + 10064. Calculate q(69).
-631
Let p(r) = -129*r**2 - 1147*r + 42. What is p(-9)?
-84
Let h(b) = 8*b**3 + 4*b**2 + 16*b - 51. Calculate h(2).
61
Let j(q) = -102*q + 15233. What is j(149)?
35
Let b(g) = -12*g**3 + 75*g**2 + 79*g + 11. What is b(11)?
-6017
Let v(z) = -36222*z + 361921. Give v(10).
-299
Let j(q) = -19*q**2 - 298*q - 487. What is j(-13)?
176
Let g(l) = 1057*l**2 + 25367*l - 86. Give g(-24).
-62
Let f(a) = -3739*a - 22410. Determine f(-6).
24
Let c(n) = 26*n**2 + 298*n + 785. Determine c(-8).
65
Let z(v) = 20*v**2 + 8306*v + 10758. Give z(-414).
-6
Let f(l) = l**3 - 11*l**2 - 22*l + 244. What is f(13)?
296
Let q(v) = 2*v**3 - 207*v**2 - 255*v + 15796. Determine q(104).
92
Let d(o) = 10*o**3 - 358*o**2 - 92*o + 314. Determine d(36).
-406
Let s(x) = -793*x + 5886. Give s(9).
-1251
Let s(k) = 2*k**2 - 763*k - 42651. Calculate s(431).
18
Let m(b) = -b**3 - 29*b**2 + 78*b + 61. What is m(-31)?
-435
Let u(t) = 15*t**3 - 2684*t**2 - 179*t - 215. Determine u(179).
-215
Let w(x) = -x**3 - 16*x**2 + 110*x + 1617. Give w(-12).
-279
Let i(p) = -2*p**3 + 18*p**2 - 320*p + 4888. Calculate i(14).
-1552
Let a(v) = v**3 + 114*v**2 + 344*v + 1416. Determine a(-111).
195
Let t(b) = 14*b**2 + 8660*b - 86736. Determine t(10).
1264
Let o(h) = -384*h**2 + 109*h + 10. Calculate o(1).
-265
Let s(p) = -p**2 + 2638*p - 23898. What is s(9)?
-237
Let c(f) = -101*f**2 - 2695*f + 39. Give c(-27).
-825
Let s(i) = -66945*i - 602442. Calculate s(-9).
63
Let h(o) = -2*o**3 - 225*o**2 - 1558*o + 637. Calculate h(-105).
-1148
Let g(b) = -672*b**2 - 3301*b + 299. Give g(-5).
4
Let y(b) = -b**3 + 13*b**2 + 9390*b - 103526. Give y(11).
6
Let y(u) = -2209*u - 735297. Determine y(-333).
300
Let k(w) = -w**2 + 1680*w - 637989. Determine k(1100).
11
Let s(n) = -309*n + 30381. Give s(99).
-210
Let d(b) = b**3 + 149*b**2 - 2818*b + 519. What is d(-166)?
-145
Let k(t) = -t**3 + 621*t**2 + 5051*t + 174. Give k(-8).
22
Let l(m) = -m**3 - 142*m**2 - 291*m - 21146. Calculate l(-141).
4
Let u(w) = -1561*w - 1787. Give u(-1).
-226
Let y(t) = -24664*t - 320642. What is y(-13)?
-10
Let u(x) = 3*x**2 - 5850*x + 507471. Calculate u(91).
-36
Let b(c) = 34*c**2 - 260*c - 82. Determine b(8).
14
Let o(y) = -3*y**2 - 52*y + 108. Give o(2).
-8
Let x(v) = -4142950*v - 58001299. What is x(-14)?
1
Let u(y) = -1335*y - 8458. Give u(-5).
-1783
Let r(b) = 100223*b**2 - 2706021*b - 1. Give r(27).
-1
Let b(k) = 7*k**3 + 13*k**2 + 834*k + 1673. What is b(-2)?
1
Let o(v) = v**3 - 2